- 2*r + 1. Determine k(1).
-13
Let o(w) = -6*w - 14. Give o(-3).
4
Let f(h) = h**3 - 1. Determine f(-2).
-9
Let a(d) = 2*d + 15. Calculate a(7).
29
Let m(z) = z**3 + 17*z**2 - 18*z + 9. Give m(-18).
9
Let w(r) = 23*r**2 + r + 2. Calculate w(-2).
92
Let w(o) = -o**2 + 17*o + 2. Calculate w(16).
18
Let a(q) = 4*q**2 + 3*q - 4. Give a(3).
41
Let l(i) = -i**3 - 11*i**2 + 9. Calculate l(-11).
9
Let s(o) = 7*o - 50. Calculate s(8).
6
Let y(a) = a**3 - 15*a**2 - 56*a + 38. Calculate y(18).
2
Let i(v) = -v**3 + 5*v**2 - 8*v + 9. Calculate i(6).
-75
Let k(y) = y - 11. What is k(-2)?
-13
Let p(a) = 128*a**2 + 513*a + 1. What is p(-4)?
-3
Let b(q) = -q**3 - 2*q**2 + 6*q + 1. What is b(-4)?
9
Let n(t) = -t**3 - 6*t**2 + 15*t. What is n(-8)?
8
Let g(y) = -y**3 - 5*y**2 - y - 7. Calculate g(-5).
-2
Let k(n) = -n**3 - 4*n**2 - 6*n - 1. Calculate k(-4).
23
Let v(p) = 69*p + 408. Give v(-6).
-6
Let j(g) = -3*g - 32. What is j(-15)?
13
Let l(s) = -s**3 - 6*s**2 + 6*s - 2. Calculate l(-7).
5
Let f(r) = -2*r. Give f(0).
0
Let s(d) = -5*d**3 + d - 1. Calculate s(1).
-5
Let l(v) = -v + 22. Calculate l(20).
2
Let v(j) = -14*j - 136. Calculate v(-19).
130
Let n(c) = -61*c + 184. Determine n(3).
1
Let u(x) = 24*x - 1. Determine u(-2).
-49
Let f(l) = l - 19. Calculate f(12).
-7
Let s(k) = k**3 - 5*k**2 + 5*k - 62. What is s(6)?
4
Let z(s) = s**3 - 7*s**2 + 11*s - 2. Calculate z(3).
-5
Let n(o) = -o**3 - 5*o**2 - 4*o - 10. Determine n(-4).
-10
Let t(q) = q**2 + 22*q + 47. What is t(-19)?
-10
Let z(o) = -o**2 + 8*o + 6. Determine z(7).
13
Let d(t) = -t**3 + 3*t - 1. Determine d(3).
-19
Let t(g) = g**3 - 12*g**2 + 20*g - 10. Determine t(10).
-10
Let v(c) = 26*c + 3. Calculate v(3).
81
Let l(m) = -m**3 + 32*m**2 - 5*m + 148. Determine l(32).
-12
Let i(q) = -60*q + 186. What is i(3)?
6
Let x(k) = k**2 - 39*k + 307. Give x(11).
-1
Let x(q) = -q**3 - 2*q**2 + 12. Give x(-3).
21
Let v(q) = -q**3 + 10*q - 4. What is v(-3)?
-7
Let l(u) = 16*u**3 - 2*u**2 - 2*u - 1. What is l(-1)?
-17
Let y(x) = x**2 + 10*x + 11. What is y(-10)?
11
Let n(h) = h**2 + 4*h. What is n(-3)?
-3
Let j(m) = -2*m - 67. Calculate j(-31).
-5
Let v(s) = -s**3 + 9*s**2 + 7*s + 28. Give v(10).
-2
Let d(b) = b**3 - 17*b**2 + 18*b - 23. Determine d(16).
9
Let z(u) = -3*u + 89. Determine z(19).
32
Let l(b) = -23*b**3 + 4*b**2 + b - 1. Determine l(2).
-167
Let s(z) = -5*z + 133. What is s(30)?
-17
Let l(i) = -i**2 - 10*i + 15. Calculate l(2).
-9
Let b(m) = -6*m - 159. Calculate b(-28).
9
Let y(u) = 7*u - 21. Determine y(4).
7
Let q(l) = l + 12. Give q(-4).
8
Let y(b) = b + 3. What is y(-5)?
-2
Let n(m) = -4*m**2 - 2*m. Give n(-2).
-12
Let v(h) = h**3 - 9*h**2 + 7*h + 16. Determine v(8).
8
Let d(s) = -s**3 - 3*s**2 + 15*s - 7. Give d(-6).
11
Let f(p) = -p**2 - 6*p + 4. What is f(-7)?
-3
Let i(w) = w**3 + 25*w**2 + 5*w - 4. Give i(-25).
-129
Let v(n) = -4*n**2 + 12*n - 10. Determine v(1).
-2
Let n(w) = -w**3 + 8*w**2 - 7*w - 1. Determine n(6).
29
Let k(q) = -2*q - 17. Determine k(-7).
-3
Let z(p) = p**3 + 25*p**2 + 44*p - 53. What is z(-23)?
-7
Let n(f) = f**2 + f - 22. Calculate n(-5).
-2
Let x(b) = -b**2 + 10*b - 21. Calculate x(7).
0
Let a(q) = -56*q + 108. Give a(2).
-4
Let i(f) = -f**3 - 5*f**2 - 3*f - 9. Calculate i(-5).
6
Let i(b) = -7*b - 1. Calculate i(-5).
34
Let b(p) = p**3 - 9*p**2 + 4*p + 13. Calculate b(9).
49
Let h(t) = t**3 + 8*t**2 - 10. Calculate h(-8).
-10
Let h(q) = 4*q**2 - q - 2. What is h(2)?
12
Let p(r) = -168*r - 672. Calculate p(-4).
0
Let h(n) = n**2 + 5*n + 22. Determine h(-7).
36
Let m(h) = 3*h**2 + 127*h + 59. Determine m(-42).
17
Let z(h) = -h**2 + 11*h + 12. What is z(9)?
30
Let f(g) = 4*g + 70. Determine f(-15).
10
Let j(y) = -y**3 + 18*y**2 - 5*y + 75. Calculate j(18).
-15
Let b(y) = -2*y**2 - 39*y + 231. Determine b(-24).
15
Let v(j) = -2*j**2 - 63*j - 68. Determine v(-29).
77
Let x(o) = o**2 - 12*o - 9. Determine x(14).
19
Let g(i) = i**3 - i - 4. Calculate g(0).
-4
Let f(v) = -108*v - 5. What is f(-1)?
103
Let w(x) = x**3 + 16*x**2 + 3*x + 46. What is w(-16)?
-2
Let d(b) = -b**2 + 14*b - 11. Calculate d(9).
34
Let o(t) = -3*t - 11. Calculate o(3).
-20
Let d(n) = n - 9. Determine d(3).
-6
Let c(x) = 3*x - 11. Calculate c(-17).
-62
Let l(i) = i**2 - 13*i - 230. What is l(23)?
0
Let j(l) = l**2 - 16*l + 15. Calculate j(1).
0
Let j(d) = d**3 - 4*d**2 + 4*d - 3. Calculate j(2).
-3
Let y(j) = j - 26. Calculate y(23).
-3
Let n(t) = 52*t + 420. Give n(-8).
4
Let i(x) = 3*x + 34. Determine i(-10).
4
Let c(v) = -2*v + 7. Give c(8).
-9
Let a(t) = t + 12. Determine a(4).
16
Let w(x) = 11*x - 4. Determine w(4).
40
Let y(b) = -b**3 + 2*b**2 + 8. Calculate y(3).
-1
Let s(q) = 2*q**2 + 16*q + 18. What is s(-6)?
-6
Let g(q) = 51*q - 246. Determine g(5).
9
Let j(k) = -k + 9. Determine j(-3).
12
Let r(q) = -2*q**2 + 27*q - 42. What is r(12)?
-6
Let j(y) = -y**3 + 29*y**2 + 30*y + 4. What is j(30)?
4
Let w(y) = -y**3 - 14*y**2 - 16*y - 40. Calculate w(-13).
-1
Let w(k) = -57*k - 152. Give w(-3).
19
Let r(a) = -a**2 + 2*a - 7. Give r(3).
-10
Let o(c) = -c**2 + c + 2. Give o(-2).
-4
Let z(y) = -y**2 - 9*y. Give z(6).
-90
Let c(i) = -i**3 - 4*i**2 + i + 3. Calculate c(-4).
-1
Let v(g) = g + 5. What is v(-9)?
-4
Let i(w) = 5*w**2 - 108*w - 49. What is i(22)?
-5
Let v(r) = r + 3. Give v(-14).
-11
Let s(a) = -a**3 + 14*a**2 - 12*a + 3. Determine s(13).
16
Let l(b) = -b**3 + 11*b**2 + 10*b + 10. What is l(12)?
-14
Let s(n) = -n**3 + 10*n**2 - 2*n - 14. What is s(10)?
-34
Let t(d) = -6*d - 41. Determine t(-5).
-11
Let z(d) = -d**2 + 24. Determine z(9).
-57
Let a(m) = -m**2 - 12*m - 10. Calculate a(-8).
22
Let o(p) = -p**3 + p**2 + 4*p + 20. Determine o(4).
-12
Let p(g) = -g**2 + 6*g + 1. What is p(6)?
1
Let o(h) = 4*h + 98. Calculate o(-26).
-6
Let z(r) = -r**2 - 6*r + 2. What is z(-7)?
-5
Let d(o) = -3*o - 31. Determine d(-8).
-7
Let c(v) = -2*v - 10. Calculate c(-8).
6
Let x(k) = -2*k - 28. What is x(-11)?
-6
Let x(u) = 11*u + 5. What is x(-4)?
-39
Let v(n) = n**3 - 8*n**2 + 11*n - 10. What is v(7)?
18
Let l(i) = -i**2 + 19*i + 22. What is l(20)?
2
Let l(w) = -33*w**2 - 5*w - 5. Calculate l(-1).
-33
Let j(c) = -c**3 + 11*c**2 + 3*c - 7. Give j(11).
26
Let p(n) = n**3 - 3*n**2 + 4*n - 5. Determine p(3).
7
Let i(d) = -d**2 - 3*d - 19. What is i(4)?
-47
Let w(u) = 4*u**2 + 38*u - 1. Calculate w(-10).
19
Let p(t) = -2*t**2 + 12*t + 6. What is p(6)?
6
Let z(v) = 4*v + 22. Give z(-5).
2
Let i(f) = -21*f - 40. Calculate i(-3).
23
Let a(u) = -u**2 + 11*u + 44. Give a(14).
2
Let j(n) = -3*n - 32. Give j(-11).
1
Let j(g) = -g**3 + 15*g**2 + 24*g - 41. Determine j(16).
87
Let w(f) = -6*f + 35. Calculate w(5).
5
Let h(s) = s**3 + 7*s**2 + 7*s + 2. Determine h(-6).
-4
Let x(s) = -s**3 + 22*s**2 - 38*s - 39. Calculate x(20).
1
Let i(c) = 47*c**2. What is i(-1)?
47
Let t(x) = -3*x - 83. What is t(-34)?
19
Let m(l) = -l**3 + 26*l**2 - 57*l + 216. Calculate m(24).
0
Let w(s) = 8*s - 3. Calculate w(7).
53
Let k(z) = -38*z**3 + 2*z - 3. What is k(1)?
-39
Let b(x) = -x**2 + 31*x + 470. Determine b(-11).
8
Let o(w) = 8*w + 29. What is o(-3)?
5
Let i(x) = -x**3 - 5*x**2 + x - 2. What is i(-4)?
-22
Let g(c) = -c**3 + c**2 + c + 27. Calculate g(0).
27
Let b(s) = 2*s**2 + 57*s - 25. What is b(-29)?
4
Let k(r) = -r**3 - 10*r**2 - 8*r + 8. Determine k(-9).
-1
Let t(m) = m**2 - 24*m - 16. Calculate t(21).
-79
Let t(z) = -z**3 - 7*z**2 - 4*z + 10. Determine t(-6).
-2
Let n(a) = -a**2 - 18*a - 15. Determine n(-17).
2
Let f(z) = -z**3 + 6*z**2 + 7*z + 7. Give f(7).
7
Let z(n) = -3*n**2 + n - 3. Give z(3).
-27
Let r(n) = -n**3 - 4*n**2 + 2*n + 1. What is r(-2)?
-11
Let o(t) = -14*t - 1. Give o(-1).
13
Let n(b) = -82*b. Determine n(1).
-82
Let z(p) = p**2 + 31*p + 235. Give z(-19).
7
Let r(k) = -k**3 + 18*k**2 - k + 12. What is r(18)?
-6
Let v(l) = -52*l**2 + 419*l - 20. Give v(8).
4
Let g(b) = 30*b**2 - 332*b + 16. Give g(11).
-6
Let p(x) = x**2 + x. What is p(-2)?
2
Let b(s) = s**3 - s**2 + 2*s + 5. Calculate b(0).
5
Let z(o) = o**3 + 2*o**2 - 20*o - 48. Calculate z(-3).
3
Let o(s) = -s**3 - 4*s**2 + s. What is o(-3)?
-12
Let n(j) = -3*j**2 - 2*j + 12. What is n(3)?
-21
Let y(s) = -3*s + 9. Calculate y(7).
-12
Let h(c) = -2*c**3 - 2*c**2 - c - 1. Determine h(2).
-27
Let o(d) = 108*d + 1178. Calculate o(-11).
-10
Let i(a) = -a**2 +